{"id":1745,"date":"2015-12-22T13:22:49","date_gmt":"2015-12-22T13:22:49","guid":{"rendered":"http:\/\/demo1.wprentals.org\/?page_id=1745"},"modified":"2023-02-01T13:18:00","modified_gmt":"2023-02-01T16:18:00","slug":"homepage","status":"publish","type":"page","link":"https:\/\/casanapedraparaty.com.br\/home\/","title":{"rendered":"Homepage"},"content":{"rendered":"<p>[vc_row full_width=&#8221;stretch_row&#8221; css=&#8221;.vc_custom_1597509397106{background-color: #ffffff !important;}&#8221;][vc_column width=&#8221;1\/4&#8243;][vc_empty_space height=&#8221;50px&#8221;][vc_single_image image=&#8221;2739&#8243; img_size=&#8221;350&#215;90&#8243;][\/vc_column][vc_column width=&#8221;3\/4&#8243;][vc_empty_space][vc_custom_heading text=&#8221;Constru\u00edda sobre uma enorme rocha que adentra pela casa e comp\u00f5e a decora\u00e7\u00e3o do im\u00f3vel, este espa\u00e7o proporcionar\u00e1 uma experiencia \u00fanica e inesquec\u00edvel de integra\u00e7\u00e3o e contato com a natureza. Local de f\u00e1cil acesso, distante do agito mas a poucos minutos de carro do Centro Hist\u00f3rico (1900 metros).<br \/>\n\u00c9 um espa\u00e7o amplo e agrad\u00e1vel, com mais de 40m\u00b2 de \u00e1rea interna, varanda exclusiva , grande quintal e uma arquitetura diferenciada. N\u00e3o compartilha com outras pessoas. WIFI com internet r\u00e1pida.&#8221; font_container=&#8221;tag:h2|font_size:20|text_align:left&#8221; google_fonts=&#8221;font_family:Indie%20Flower%3Aregular|font_style:400%20regular%3A400%3Anormal&#8221;][\/vc_column][\/vc_row][vc_row full_width=&#8221;stretch_row&#8221; parallax=&#8221;content-moving-fade&#8221; parallax_image=&#8221;2629&#8243; css=&#8221;.vc_custom_1675265459065{padding-top: 60px !important;padding-bottom: 60px !important;background: #ffffff url(https:\/\/casanapedraparaty.com.br\/home\/wp-content\/uploads\/2023\/02\/background-agua-home-menor.jpg?id=3123);background-position: 0 0;background-repeat: repeat !important;}&#8221;][vc_column][vc_custom_heading text=&#8221;Conhe\u00e7a nossas su\u00edtes&#8221; font_container=&#8221;tag:h2|font_size:32|text_align:center&#8221; use_theme_fonts=&#8221;yes&#8221;][vc_row_inner][vc_column_inner width=&#8221;1\/3&#8243;][vc_single_image image=&#8221;3114&#8243; img_size=&#8221;380&#215;280&#8243; style=&#8221;vc_box_border&#8221; onclick=&#8221;custom_link&#8221; link=&#8221;https:\/\/casanapedraparaty.com.br\/home\/suite-adega-na-pedra\/&#8221;][vc_custom_heading text=&#8221;Su\u00edte Adega na Pedra&#8221; font_container=&#8221;tag:h2|font_size:28|text_align:center|color:%23232323&#8243; use_theme_fonts=&#8221;yes&#8221;][\/vc_column_inner][vc_column_inner width=&#8221;1\/3&#8243;][vc_single_image image=&#8221;3127&#8243; img_size=&#8221;380&#215;280&#8243; style=&#8221;vc_box_border&#8221; onclick=&#8221;custom_link&#8221; link=&#8221;https:\/\/casanapedraparaty.com.br\/home\/suite-atelier-na-pedra\/&#8221;][vc_custom_heading text=&#8221;Su\u00edte Atelier na Pedra&#8221; font_container=&#8221;tag:h2|font_size:28|text_align:center|color:%23232323&#8243; use_theme_fonts=&#8221;yes&#8221;][\/vc_column_inner][vc_column_inner width=&#8221;1\/3&#8243;][vc_single_image image=&#8221;3129&#8243; img_size=&#8221;380&#215;280&#8243; style=&#8221;vc_box_border&#8221; onclick=&#8221;custom_link&#8221; link=&#8221;https:\/\/casanapedraparaty.com.br\/home\/suite-casa-na-pedra\/&#8221;][vc_custom_heading text=&#8221;Su\u00edte Casa na Pedra&#8221; font_container=&#8221;tag:h2|font_size:28|text_align:center|color:%23232323&#8243; use_theme_fonts=&#8221;yes&#8221;][\/vc_column_inner][\/vc_row_inner][\/vc_column][\/vc_row][vc_row full_width=&#8221;stretch_row&#8221; bg_type=&#8221;bg_color&#8221; css=&#8221;.vc_custom_1597514913102{padding-top: 30px !important;padding-right: 30px !important;padding-bottom: 30px !important;padding-left: 30px !important;background-color: #ffffff !important;background-position: center !important;background-repeat: no-repeat !important;background-size: cover !important;}&#8221; bg_color_value=&#8221;#ffffff&#8221;][vc_column][vc_custom_heading text=&#8221;Pontos Tur\u00edsticos em Paraty&#8221; font_container=&#8221;tag:h2|font_size:32|text_align:center&#8221; use_theme_fonts=&#8221;yes&#8221;][vc_row_inner el_class=&#8221;wprentals_space&#8221;][vc_column_inner width=&#8221;1\/4&#8243; css=&#8221;.vc_custom_1440677774186{padding-right: 2.5px !important;padding-left: 0px !important;}&#8221;][vc_single_image image=&#8221;2472&#8243; img_size=&#8221;288&#215;300&#8243; onclick=&#8221;custom_link&#8221; link=&#8221;https:\/\/casanapedraparaty.com.br\/home\/praias-em-paraty\/&#8221;][\/vc_column_inner][vc_column_inner width=&#8221;3\/4&#8243; css=&#8221;.vc_custom_1438782048463{padding-right: 2.5px !important;padding-left: 2.5px !important;}&#8221;][vc_single_image image=&#8221;2473&#8243; img_size=&#8221;870&#215;300&#8243; onclick=&#8221;custom_link&#8221; link=&#8221;https:\/\/casanapedraparaty.com.br\/home\/cachoeiras-em-paraty\/&#8221;][\/vc_column_inner][\/vc_row_inner][vc_row_inner el_class=&#8221;wprentals_space&#8221;][vc_column_inner width=&#8221;2\/3&#8243; css=&#8221;.vc_custom_1440677774186{padding-right: 2.5px !important;padding-left: 0px !important;}&#8221;][vc_single_image image=&#8221;2483&#8243; img_size=&#8221;870&#215;300&#8243; onclick=&#8221;custom_link&#8221; link=&#8221;https:\/\/casanapedraparaty.com.br\/home\/2020\/07\/05\/centro-historico-de-paraty\/&#8221;][\/vc_column_inner][vc_column_inner width=&#8221;1\/3&#8243; css=&#8221;.vc_custom_1438782048463{padding-right: 2.5px !important;padding-left: 2.5px !important;}&#8221;][vc_single_image image=&#8221;2479&#8243; img_size=&#8221;380&#215;270&#8243; onclick=&#8221;custom_link&#8221; link=&#8221;https:\/\/casanapedraparaty.com.br\/home\/2020\/07\/05\/alambiques-produtores-de-cachaca-em-paraty\/&#8221;][\/vc_column_inner][\/vc_row_inner][\/vc_column][\/vc_row]<\/p>\n","protected":false},"excerpt":{"rendered":"<p>[vc_row full_width=&#8221;stretch_row&#8221; css=&#8221;.vc_custom_1597509397106{background-color: #ffffff !important;}&#8221;][vc_column width=&#8221;1\/4&#8243;][vc_empty_space height=&#8221;50px&#8221;][vc_single_image image=&#8221;2739&#8243; img_size=&#8221;350&#215;90&#8243;][\/vc_column][vc_column width=&#8221;3\/4&#8243;][vc_empty_space][vc_custom_heading text=&#8221;Constru\u00edda sobre uma enorme rocha que adentra pela casa e comp\u00f5e a decora\u00e7\u00e3o do im\u00f3vel, este espa\u00e7o proporcionar\u00e1 uma experiencia \u00fanica e inesquec\u00edvel de integra\u00e7\u00e3o e contato com a natureza. Local de f\u00e1cil acesso, distante do agito mas a poucos minutos de carro do Centro &#8230;<\/p>\n","protected":false},"author":1,"featured_media":0,"parent":0,"menu_order":0,"comment_status":"closed","ping_status":"closed","template":"","meta":{"_joinchat":[]},"_links":{"self":[{"href":"https:\/\/casanapedraparaty.com.br\/home\/wp-json\/wp\/v2\/pages\/1745"}],"collection":[{"href":"https:\/\/casanapedraparaty.com.br\/home\/wp-json\/wp\/v2\/pages"}],"about":[{"href":"https:\/\/casanapedraparaty.com.br\/home\/wp-json\/wp\/v2\/types\/page"}],"author":[{"embeddable":true,"href":"https:\/\/casanapedraparaty.com.br\/home\/wp-json\/wp\/v2\/users\/1"}],"replies":[{"embeddable":true,"href":"https:\/\/casanapedraparaty.com.br\/home\/wp-json\/wp\/v2\/comments?post=1745"}],"version-history":[{"count":128,"href":"https:\/\/casanapedraparaty.com.br\/home\/wp-json\/wp\/v2\/pages\/1745\/revisions"}],"predecessor-version":[{"id":3134,"href":"https:\/\/casanapedraparaty.com.br\/home\/wp-json\/wp\/v2\/pages\/1745\/revisions\/3134"}],"wp:attachment":[{"href":"https:\/\/casanapedraparaty.com.br\/home\/wp-json\/wp\/v2\/media?parent=1745"}],"curies":[{"name":"wp","href":"https:\/\/api.w.org\/{rel}","templated":true}]}}